False
Let a(k) = 4*k**2 + k + 386. Is a(27) a multiple of 31?
False
Suppose 6*t + 88 = 28*t. Suppose 3*f = -x + 131, f - 2*f - t*x = -62. Does 14 divide f?
True
Suppose -5*n + 3*b + 17106 = 0, 13678 = 4*n - 10*b + 11*b. Does 23 divide n?
False
Let x(a) = 21*a**2 - 2*a + 4. Let d be x(2). Suppose 93 = -2*n - t - d, 4*n = -3*t - 353. Let w = 159 + n. Does 14 divide w?
True
Let l be (-20)/30 + 42/9. Is 13 a factor of 5/(-2 - 8) - (-1758)/l?
False
Let n(z) = -z**2 - 17*z - 6. Let j be (1 - (1 - 4)) + -12. Is 2 a factor of n(j)?
True
Let o = 95809 - 62102. Does 19 divide o?
False
Let f(s) = -s - 1. Let h be f(-5). Is 18 a factor of (12/9)/((-3)/((-1458)/h))?
True
Suppose -50*c + 46*c = -z + 5252, 5*z - 26329 = -3*c. Is 47 a factor of z?
True
Let p = -10460 + 19966. Is p a multiple of 15?
False
Let q(p) = p**3 + 8*p**2 + p + 28. Let b be (-9)/(-12) + (-105)/12. Is q(b) a multiple of 2?
True
Suppose 31252 = 4*i - 0*i + 3*u, -i - 2*u + 7818 = 0. Does 11 divide i?
True
Suppose 17*u = 20*u - 153. Let y = u + -30. Does 2 divide y?
False
Suppose -982592 = 16*p - 99*p + 614577. Is p a multiple of 39?
False
Let z(b) = b - 1. Let s be z(-4). Let n(d) = -9*d**2 - d + 4. Let r be n(-2). Does 4 divide 6/(s/r*9)?
True
Suppose -d + y = -7725 + 627, d - 7101 = 2*y. Does 43 divide d?
True
Suppose 0 = 38*r - 33*r + 3*l - 26357, 4*l + 21092 = 4*r. Is 15 a factor of r?
False
Suppose 4*h - i - 18380 = 0, 0*i - 2*i + 8 = 0. Is 12 a factor of h?
True
Is 7 a factor of (-121929)/(-15) - 289/(-85)?
False
Let h(b) = -6*b - 14. Let i be h(-8). Suppose -i*d + 38*d - 20 = 0. Suppose -120 = -m - d*m. Does 3 divide m?
False
Let f(v) = 3211*v**2 - 3*v - 2. Is 4 a factor of f(-1)?
True
Suppose -28585*p + 95160 = -28573*p. Is 14 a factor of p?
False
Suppose 146 = -2*z + 2*r, 0 = -3*z + 5*r - 111 - 112. Let x = z + 84. Suppose -15*m = -x*m - 92. Does 10 divide m?
False
Let o = 710 - 268. Let k = o - -466. Does 13 divide k?
False
Let m = 453 + -453. Suppose m = -3*p - 6*c + c + 312, -2*p - 4*c + 208 = 0. Is p a multiple of 26?
True
Let d(q) = 9*q + 49. Let m be d(-5). Is 17 a factor of -3 + m + -3 + 232/4?
False
Let f(b) = -b**3 + 57*b**2 - 64*b - 210. Is 6 a factor of f(54)?
True
Let n(f) = -24*f - 16. Let h be n(7). Let g = h + 330. Is g a multiple of 12?
False
Suppose 0 = 4*v + 5*m - 47, 4*v - 16 = m + 37. Suppose -2*o = -5*t - o + 390, -3*t - o + 234 = 0. Let z = t + v. Is z a multiple of 24?
False
Let r(a) = -a + 16. Let m be r(10). Suppose 16 = 3*u + k, 2*u - m = u - k. Suppose 480 = 5*x + 3*s, u*s - 113 = -x + s. Does 14 divide x?
False
Let x = -2643 - -3711. Suppose 19 + 2 = 3*l. Suppose x = -c + l*c. Is c a multiple of 15?
False
Let d(z) = -3*z**2 - 127*z - 41. Is d(-27) a multiple of 58?
False
Let k(n) = -n**3 + 66*n**2 - 1061*n - 38. Is k(32) a multiple of 89?
False
Let o be (-2)/3 - (-23)/((-828)/(-384)). Let q(m) = -m**3 + 13*m**2 + 12*m + 36. Is 12 a factor of q(o)?
True
Suppose -5 = m - 11. Suppose -a = -m - 5. Suppose 12*o - 14 = a*o. Is o a multiple of 8?
False
Suppose -2*t = 3*r + 57 - 12, -4*r = -4*t - 100. Is 62 a factor of 925*(-7)/(210/t)?
False
Let y(m) = -7*m - 4. Suppose 0 = -4*o + 3*d - 4, -3*o - 5 = 2*o - d. Let f be y(o). Suppose f*n = 3*b + 390, b - 620 = 4*n - 9*n. Is n a multiple of 25?
True
Let d(v) = v + 2. Let q be d(11). Let m = q + -9. Suppose -m*r - 105 = -5*r. Does 21 divide r?
True
Let i = 152 + -124. Suppose -2*t + 1006 = 2*x, 2*t + 33*x = i*x + 1021. Is t a multiple of 22?
False
Suppose 6532090 - 13624284 = -466*w + 10158660. Is w a multiple of 31?
False
Let l(n) = 320*n**2 - 1096*n - 5445. Is l(-5) a multiple of 8?
False
Let z(o) = 8*o**3 - o + 2. Suppose -j - 5*d = 8, 7 = 5*j - 4*d - 11. Suppose 1 - 3 = -j*r. Does 4 divide z(r)?
False
Let p = 45530 - 20433. Is 79 a factor of p?
False
Let a = -207 + 122. Is 6 a factor of (-7144)/(-34) - (-10)/a?
True
Let g(z) = 6*z - 6*z + 12*z + 256 + 3*z - 10. Is g(7) a multiple of 27?
True
Suppose -172*d - 72*d + 929070 = -59*d. Is 51 a factor of d?
False
Let l(a) = -4*a**3 - 18*a**2 - 129*a - 1068. Is 26 a factor of l(-12)?
False
Suppose 2*y + 6249 = 5*w, -5783*y - 1212 = -w - 5788*y. Does 2 divide w?
False
Let n(g) = -9*g + 43. Suppose 23*t = 21*t - 26. Is 4 a factor of n(t)?
True
Let x(m) = -7*m + 2 + 11 + 18 + 0*m. Let a be x(8). Is 4 a factor of (-2)/((5/a)/1)?
False
Let u(o) = 165*o - 57 - 70 + 137*o - 56 + 42. Is u(5) a multiple of 37?
True
Suppose 3*j = -5*a + 11, -2*a = -4 + 2. Let s(o) = o**3 + 8 + j*o**3 - 13*o**2 + 12 - 4*o**3 - 3*o. Is 7 a factor of s(-13)?
False
Suppose -6*x - 7750 = -10*x + 5*a, 0 = -5*x + 2*a + 9679. Is 43 a factor of x?
True
Suppose 0 = 4*k + 3*k - 7. Suppose -4*x + 19 = -k. Suppose x*g + 2*m = 529, -6 = -m - 2*m. Is g a multiple of 19?
False
Let b be 1*55 - 3*(4 - 5). Suppose 0 = 3*l - b - 14. Is 26 a factor of (l/(-20))/(2 + 2469/(-1230))?
False
Let b be (5/(-6)*2)/(2/84). Let t be (1 - -14)*28/b. Let y = t + 89. Is 19 a factor of y?
False
Let p be (-1 - 14/(-10)) + (-1463)/(-55). Suppose -l = -2*r - 12, 3*l - r = p + 24. Let v = 83 - l. Is v a multiple of 16?
False
Suppose b = c + 9752, -36614 - 2436 = -4*b - 2*c. Is 3 a factor of b?
True
Suppose -2*y + 5*g - 12 = 0, -2*y + 3*g + 12 = 4*g. Suppose 0*m = y*m - 36. Suppose 355 = m*i - 5*i - 3*x, i = -5*x + 106. Does 7 divide i?
True
Let g(t) = -t**3 + 4*t**2 - 3. Let m be g(2). Suppose m*p - 228 = p - 4*q, 285 = 5*p - 4*q. Let d = p + -25. Is d a multiple of 12?
False
Let r(u) = 2459*u**3 - 52*u + 52. Is r(1) a multiple of 34?
False
Suppose 5*j - 9 = -3*l, -4*l + 20*j - 17*j = -12. Suppose l*d + 1133 = 5*u, 0 = -4*u + d + 65 + 840. Is u a multiple of 11?
False
Let l(u) = -15*u + 1. Let g be l(-1). Let h = g + -75. Let w = -50 - h. Is 9 a factor of w?
True
Suppose 16*n + 75 = 21*n. Let v be -5*((-42)/n - -2). Suppose -47 = -v*y + 5. Is y a multiple of 5?
False
Let h = -1914 - -8704. Does 35 divide h?
True
Let p be 7/(-28) + (-13)/(-4) - 3. Suppose p = -12*q + 3258 + 1422. Is 15 a factor of q?
True
Let t(q) = 2*q**2 + 33*q + 26. Let b be t(-16). Does 3 divide 40/((-20)/(-24)*8/b)?
True
Let f(x) = 8*x**3 - 2*x**2 + 98*x - 732. Is f(9) a multiple of 97?
True
Does 50 divide (36/42)/3 - -1*(-66632)/(-28)?
False
Let f = 261 - 256. Suppose -f*s - 5*p + 583 = -297, 4*s = 2*p + 680. Does 55 divide s?
False
Let t be (-9 + -1)*(-2 - (3 - 4)). Let c be 1572/t*10/4. Let k = -246 + c. Is k a multiple of 21?
True
Suppose 229632 = 42*i + 21*i + 6*i. Is i a multiple of 8?
True
Let p be -268*(-10)/(-28) + 4/(-14). Let o = 100 + p. Does 22 divide (-205)/(o + -6 + 1)?
False
Let x(b) = 20*b**2 + 49*b + 664. Is x(-10) a multiple of 17?
False
Let d(t) = 1845*t - 2272. Is d(6) a multiple of 22?
False
Let t = -63 - -53. Let a be (-9)/(-2)*t/(-15). Is 2 a factor of 1 - a - 60/(-1 - 1)?
True
Let y(g) be the first derivative of 256*g**3/3 + 3*g**2 - 7*g + 46. Is y(1) a multiple of 32?
False
Suppose 5*g + 7 - 42 = 0. Suppose -g = -a + 2*w - 3*w, -a = 2*w - 7. Is 30 a factor of 1/a - 4/(-56)*1398?
False
Suppose 13*o - 10*o = 3*h + 71412, -3*h + 23788 = o. Does 20 divide o?
True
Let m = -12 + 16. Suppose 3*p - 1815 = -m*x, -6*p = 4*x - 2*p - 1820. Does 45 divide x?
True
Let a(n) = -136*n**3 - 52*n**2 + 26*n - 6. Is a(-6) a multiple of 294?
True
Let h(z) = -z**2 + 17*z - 50. Let r be h(29). Let x = r - -1293. Suppose -2*k = 3*k - x. Is k a multiple of 12?
False
Suppose -19*v + 1200 = -11*v. Let g be 4504/18 - (-4)/(-18). Let y = g - v. Is y a multiple of 9?
False
Suppose -152 = -3*r - 77. Suppose 0 = 19*l - 24*l + r. Is l a multiple of 2?
False
Suppose -2*o + 6*o - 4 = 0. Let l be (3 - 4)*o - -5. Suppose r = -2*n + 257, 0*n + 4*r + 520 = l*n. Is n a multiple of 21?
False
Suppose 0 = 4*f + 16, -4*l - 3*f + 2 = -6. Suppose 0 = -l*m - m. Suppose m = p - 6*p + 75. Is 5 a factor of p?
True
Suppose -5*m = 5*a - 5405, 3*m + 1083 = 4*m - a. Let y = m - 538. Is y a multiple of 17?
True
Let u(k) = 1473*k**3 - 7*k**2 + 3*k + 3. Is u(1) a multiple of 3?
False
Suppose 2*c - 4 = 8. Suppose -p = o + 2 + c, 3*o + 4 = p. Does 16 divide (138/(-8))/(((-30)/(-32))/p)?
False
Let u(o) = -26 + 5*o**2 + 19*o + 4*o**2 - 10*o. Let d be u(-7). Suppose 3*f = -f + d. Does 8 divide f?
True
Let w(p) = -p**3 - 16*p**2 - 9*p + 31. Let d be w(-19). Suppose -d = 20*y - 5545. Is y a mu